{"id":1760,"date":"2022-01-04T18:03:39","date_gmt":"2022-01-04T21:03:39","guid":{"rendered":"https:\/\/creamind.cl\/?post_type=product&#038;p=1760"},"modified":"2024-07-08T02:05:05","modified_gmt":"2024-07-08T06:05:05","slug":"ceramica-sublimada-15-cm-con-soporte","status":"publish","type":"product","link":"https:\/\/creamind.cl\/index.php\/producto\/ceramica-sublimada-15-cm-con-soporte\/","title":{"rendered":"Cer\u00e1mica Sublimada | 15 cm | Con Soporte"},"content":{"rendered":"<p>Nuestra cer\u00e1mica sublimable\u00a0 ofrece una forma \u00fanica y elegante de personalizar tus recuerdos y dise\u00f1os favoritos. Perfecta para regalos personalizados o decoraci\u00f3n del hogar, esta cer\u00e1mica combina la durabilidad de un material resistente con la capacidad de sublimar im\u00e1genes v\u00edvidas y detalladas. Cada pieza est\u00e1 dise\u00f1ada para destacar y preservar tus momentos m\u00e1s preciados con calidad y estilo.<\/p>\n<p><strong>Caracter\u00edsticas:<\/strong><\/p>\n<ul>\n<li>Material: Cer\u00e1mica de alta calidad, resistente y duradera.<\/li>\n<li>Tama\u00f1o: 15 cm de di\u00e1metro<\/li>\n<li>Personalizaci\u00f3n: \u00c1rea\u00a0 para sublimaci\u00f3n de im\u00e1genes en alta definici\u00f3n.<\/li>\n<li>Acabado: Superficie lisa y profesional que realza los colores y detalles.<\/li>\n<\/ul>\n<p><strong>Ventajas:<\/strong><\/p>\n<ul>\n<li><strong>Calidad de Imagen:<\/strong> Sublimaci\u00f3n precisa que captura detalles y colores con fidelidad.<\/li>\n<li><strong>Durabilidad:<\/strong> Resistente al desgaste diario y adecuada para uso en interiores.<\/li>\n<li><strong>Versatilidad:<\/strong> Ideal para regalos personalizados, decoraci\u00f3n de hogar u oficina.<\/li>\n<li><strong>Memorable:<\/strong> Cada cer\u00e1mica se convierte en una pieza \u00fanica que cuenta una historia personal.<\/li>\n<\/ul>\n<p>Esta cer\u00e1mica sublimable\u00a0 es m\u00e1s que un objeto decorativo; es una manera significativa de inmortalizar momentos especiales y crear un impacto visual en cualquier espacio.<\/p>\n","protected":false},"excerpt":{"rendered":"<p>Nuestra cer\u00e1mica sublimable\u00a0 ofrece una forma \u00fanica y elegante de personalizar tus recuerdos y dise\u00f1os favoritos. Perfecta para regalos personalizados [&hellip;]<\/p>\n","protected":false},"featured_media":1762,"template":"","meta":{"site-sidebar-layout":"no-sidebar","site-content-layout":"default","ast-site-content-layout":"normal-width-container","site-content-style":"boxed","site-sidebar-style":"default","ast-global-header-display":"","ast-banner-title-visibility":"","ast-main-header-display":"","ast-hfb-above-header-display":"","ast-hfb-below-header-display":"","ast-hfb-mobile-header-display":"","site-post-title":"","ast-breadcrumbs-content":"","ast-featured-img":"","footer-sml-layout":"","theme-transparent-header-meta":"default","adv-header-id-meta":"","stick-header-meta":"","header-above-stick-meta":"","header-main-stick-meta":"","header-below-stick-meta":"","astra-migrate-meta-layouts":"set","ast-page-background-enabled":"default","ast-page-background-meta":{"desktop":{"background-color":"","background-image":"","background-repeat":"repeat","background-position":"center center","background-size":"auto","background-attachment":"scroll","background-type":"","background-media":"","overlay-type":"","overlay-color":"","overlay-opacity":"","overlay-gradient":""},"tablet":{"background-color":"","background-image":"","background-repeat":"repeat","background-position":"center center","background-size":"auto","background-attachment":"scroll","background-type":"","background-media":"","overlay-type":"","overlay-color":"","overlay-opacity":"","overlay-gradient":""},"mobile":{"background-color":"","background-image":"","background-repeat":"repeat","background-position":"center center","background-size":"auto","background-attachment":"scroll","background-type":"","background-media":"","overlay-type":"","overlay-color":"","overlay-opacity":"","overlay-gradient":""}},"ast-content-background-meta":{"desktop":{"background-color":"var(--ast-global-color-5)","background-image":"","background-repeat":"repeat","background-position":"center center","background-size":"auto","background-attachment":"scroll","background-type":"","background-media":"","overlay-type":"","overlay-color":"","overlay-opacity":"","overlay-gradient":""},"tablet":{"background-color":"var(--ast-global-color-5)","background-image":"","background-repeat":"repeat","background-position":"center center","background-size":"auto","background-attachment":"scroll","background-type":"","background-media":"","overlay-type":"","overlay-color":"","overlay-opacity":"","overlay-gradient":""},"mobile":{"background-color":"var(--ast-global-color-5)","background-image":"","background-repeat":"repeat","background-position":"center center","background-size":"auto","background-attachment":"scroll","background-type":"","background-media":"","overlay-type":"","overlay-color":"","overlay-opacity":"","overlay-gradient":""}},"_joinchat":[]},"product_brand":[],"product_cat":[31],"product_tag":[],"class_list":{"0":"post-1760","1":"product","2":"type-product","3":"status-publish","4":"has-post-thumbnail","6":"product_cat-productos","7":"desktop-align-left","8":"tablet-align-left","9":"mobile-align-left","11":"first","12":"instock","13":"purchasable","14":"product-type-simple"},"_links":{"self":[{"href":"https:\/\/creamind.cl\/index.php\/wp-json\/wp\/v2\/product\/1760","targetHints":{"allow":["GET"]}}],"collection":[{"href":"https:\/\/creamind.cl\/index.php\/wp-json\/wp\/v2\/product"}],"about":[{"href":"https:\/\/creamind.cl\/index.php\/wp-json\/wp\/v2\/types\/product"}],"version-history":[{"count":3,"href":"https:\/\/creamind.cl\/index.php\/wp-json\/wp\/v2\/product\/1760\/revisions"}],"predecessor-version":[{"id":2687,"href":"https:\/\/creamind.cl\/index.php\/wp-json\/wp\/v2\/product\/1760\/revisions\/2687"}],"wp:featuredmedia":[{"embeddable":true,"href":"https:\/\/creamind.cl\/index.php\/wp-json\/wp\/v2\/media\/1762"}],"wp:attachment":[{"href":"https:\/\/creamind.cl\/index.php\/wp-json\/wp\/v2\/media?parent=1760"}],"wp:term":[{"taxonomy":"product_brand","embeddable":true,"href":"https:\/\/creamind.cl\/index.php\/wp-json\/wp\/v2\/product_brand?post=1760"},{"taxonomy":"product_cat","embeddable":true,"href":"https:\/\/creamind.cl\/index.php\/wp-json\/wp\/v2\/product_cat?post=1760"},{"taxonomy":"product_tag","embeddable":true,"href":"https:\/\/creamind.cl\/index.php\/wp-json\/wp\/v2\/product_tag?post=1760"}],"curies":[{"name":"wp","href":"https:\/\/api.w.org\/{rel}","templated":true}]}}